What is (0 - 1) + 11 + (-547 - -547)?
10
What is -36 + 57 + 20 + -42?
-1
What is the value of 20 - (1 + 1) - (10 + -46 + 42)?
12
(-3 - -10) + (-2 - 7) + -3
-5
Evaluate -4 + -3 + 4 + -18 + (1 - 2).
-22
Calculate 8 - 16 - -10 - 22 - 1.
-21
Evaluate 2 + 11 + 6 - (11 + (4 - 10)).
14
6 + (-1 - -16) + 121 + -136
6
What is the value of (30 + 6 + -29 - (-1 - 5)) + -8?
5
Evaluate -18 + (-32 - -21) - 1.
-30
What is (4 - (0 + -4) - 11) + (-3 - -3)?
-3
Evaluate 10 - 1 - (8 + -21 + 0 + 16).
6
What is the value of -86 - -60 - (-50 - -2)?
22
Calculate 9 + (-5 + (4 - 1) + 0 - 23).
-16
What is -13 - (28 + -15 + -16)?
-10
(-10 - 0) + (-31 - -48)
7
Calculate -5 + 28 - (-24 + 63).
-16
What is the value of 5 + 5 + 1 - (-4 - -27)?
-12
What is 5 + -3 + -20 + 6 + (-9 - -5)?
-16
What is -15 + -7 + (16 - (5 - 4))?
-7
What is the value of -28 - -27 - (0 - 10)?
9
Calculate (-169 - -195) + (-8 - -10).
28
What is (6 - -1 - 1) + 24 + (-20 - 4)?
6
1 - (-14 - (4 + -9 + 13))
23
Calculate 3 + 0 + -5 + 1 + (-30 - -29).
-2
What is the value of (-17 - -23) + 13 + -19 + -23?
-23
What is the value of 5 + 0 + -2 + 4 - (149 - 152)?
10
Calculate (-2 - -1) + 7 + (9 - 15).
0
What is the value of 3 - ((3 - 2) + -8 - -1)?
9
3 - (36 + -15 - 18)
0
-8 + (4 - -10 - (-1 - 7))
14
Evaluate 28 + 3 - 40 - (-1 + 2 - 1).
-9
What is the value of 36 + (0 - 11) + -30?
-5
(0 - (5 + -4 + -2 + 0)) + 3
4
-2 - (1 + -1) - -8 - (-2924 - -2923)
7
Calculate 18 - 3 - (27 + (-17 - -13)).
-8
What is (-6 + 5 - 1) + (-4 - -15) + 3?
12
What is -3 - (15 + -17 - 8)?
7
Calculate 18 - (1 - -12 - -11) - 3.
-9
-17 + (3 - -16) - 10
-8
Calculate -13 - 4 - (-15 - -12 - (0 + 3)).
-11
What is -55 - (-19 + -44 + 26)?
-18
-13 + 16 + 2 - -1
6
What is -2 + 5 + (-31 - 2) + -10 + 21?
-19
What is the value of 12 + (-9 - -19) + -16?
6
-10 + (20 - 16 - (-3 + -11))
8
What is the value of 22 - (9 + -8 - 1)?
22
What is the value of 0 + 8 - (606 + -613)?
15
Evaluate 3 - 14 - (46 - 66).
9
What is the value of (-4 - (4 - 1)) + 4 + -11?
-14
9 + 0 + (-7 - -6 - (-5 + 1))
12
20 - (-10 - -7 - -13)
10
What is -15 - (12 - 6 - 8) - (-7 - -1)?
-7
What is the value of -7 - (-2 - (2 - -1 - -5))?
3
Evaluate (-20 - (5 - 14)) + 14.
3
Evaluate -2 + 4 - (22 + 0 - 6 - 3).
-11
What is the value of (-18 - -31) + -15 - 10?
-12
Evaluate (-26 - -4 - (13 + (4 - 22))) + -2.
-19
Calculate 0 + 2 + (2 - 6 - 4).
-6
-12 + (25 + -15 - (24 - (8 + -1)))
-19
What is the value of 9 - 10 - (-2 + -1 + 2)?
0
What is -13 - ((-2 - 6) + -23)?
18
What is the value of 7 - (28 + -6 - 15) - 27?
-27
What is the value of (33 - (-19 - (16 - 28))) + -14?
26
Calculate 8 + -22 + (-1 - 17) + 34.
2
Evaluate -3 + (-11 - -13) - -23.
22
What is 30 - (18 + 23 + -17)?
6
-4 - 2 - (-39 + 23)
10
Evaluate 5 + 1 + (-19 - -37).
24
Evaluate -9 + 8 + 1 + 1 + -2.
-1
4 + (-5 - -3) + -18
-16
4 - (-23 - (6 - -6)) - (8 - -1)
30
Evaluate (1 + (-11 - -33) + -6 - -11) + -8.
20
-2 + -5 - (1 - -1) - -12
3
Calculate 4 - (12 - (41 - 31) - (5 + -1)).
6
What is the value of -26 + (11 - -2) - (-6 + 1) - -3?
-5
Evaluate -25 + 12 + 11 + -2.
-4
Calculate (-1 - 6) + 5 - 2 - (15 - 14).
-5
Calculate -4 - (-34 - -39) - (5 + 3 + -2).
-15
Evaluate 23 + (-13 - (-4 - 1)) - (1 + 0).
14
Evaluate 9 - ((-12 - -25) + -5).
1
What is the value of 6 + 0 + 6 + -2 + -1?
9
Calculate (1 + -2 + -2 - -2) + 2.
1
Calculate 7 + -10 - (-15 + 17 - (2 - 0)).
-3
What is (33 - 8) + -19 - 27?
-21
Calculate (4 - (-12 + 4)) + (15 + -8 - 5).
14
What is (-1 - -6) + -64 + 93 + -7 - 9?
18
Calculate -5 - (4 + -6 + (-4 - 0) + 2).
-1
-89 + 98 - (4 - (-2 - -5))
8
What is the value of -27 + (31 - (31 + -20))?
-7
Calculate (-2 - (0 + -2)) + 18 + -16.
2
What is the value of -91 + 89 - (3 + 6)?
-11
Evaluate (15 - (0 - -5)) + -1 + (-2 - 3).
4
Evaluate -13 - -1 - (-138 + 121) - -22 - -6.
33
What is the value of -7 + (-29 - -12) + 36?
12
Evaluate 4 - -10 - (22 - 6).
-2
6 + -2 - (-58 - -76)
-14
Evaluate 9 - ((26 - 0) + -19).
2
What is the value of 34 + (-27 - 19) + 41 + -4?
25
What is -15 + (5 - 12) + 16?
-6
What is the value of 11 + (8 - 7) + -7 + 12?
17
Calculate -4 + 0 - (161 - 149 - (11 + -1)).
-6
Calculate 0 + 2 - -1 - (-28 - -38 - 22).
15
Calculate (10 - (31 + -36)) + -2 + 11.
24
What is the value of 3 - 0 - (15 + (-27 - -26))?
-11
What is 261 + -286 - (-1 + -42)?
18
41 - 36 - ((-3 - -3) + 0)
5
What is the value of 15 + 1 + -32 + 26 + -1 + 8?
17
Evaluate 2 - 7 - (2 + -9 - (3 - -1)).
6
What is -13 - (6 + -8 - (-8 - -6 - 3))?
-16
Calculate -2 + (45 - 72) - -38.
9
What is the value of -7 + (-7 - (4 - 3) - -7)?
-8
What is -31 + 2 + 12 - -1?
-16
What is 11 - (-1 + 3) - (-6 - (6 - -11))?
32
-8 + 4 - -6 - 2 - (11 + -1)
-10
Calculate (-36 - -77 - 33) + (-16 - 1).
-9
Calculate 15 + -29 + (-2 - (1 + -8)).
-9
Calculate -4 + (6 - (4 - -1)) + (-2 - -6).
1
(-97 - -98) + (0 - (-1 - -1))
1
Calculate -11 + (-2 - -1) + 2 + -3 + 3.
-10
-16 + (-12 - -15) + 14 - -13
14
(0 + (0 - -3) - 3) + (-38 - -58)
20
What is the value of 1 + 4 - (82 - 80)?
3
What is the value of 12 - -1 - (17 - (-38 + 57))?
15
Evaluate 2 + 2 - -1 - (2 - 4) - -6.
13
What is the value of 57 + -33 - (5 - 0)?
19
What is (6 + 1 - -3 - 9) + -11 + 3?
-7
What is 9 - (28 + 14 + -15 + -13)?
-5
Calculate -3 - (-4 - (-1 + 1) - -12).
-11
6 - (11 + 2) - (-1 - -2)
-8
What is -9 - -24 - (-18 - (-32 + 5))?
6
What is 15 - (-9 - (-24 - -3))?
3
What is (-5 - -1) + -49 - (13 - 23) - -10?
-33
What is the value of (-5 - (8 - 10) - 3) + 15?
9
Evaluate -1 + -5 + 11 + -12 + (15 - 5).
3
65 + -23 + -31 - (18 - 1)
-6
What is the value of -1 + 4 - -11 - (-13 - 1)?
28
What is the value of -29 + 34 - (-5 - -41)?
-31
What is 3 + 1 + (4 - 3) + 4?
9
What is the value of (-14 - -8) + 9 + -4 + -5?
-6
6 + 1 + 3 + (14 - 35) - 8
-19
What is the value of 56 - 52 - (-3 + 7 - -19)?
-19
-38 - (-60 - -5) - 1
16
What is 285 + -253 - (0 + 9)?
23
Calculate (-11 - (-5 + -8)) + -1 + -16.
-15
Evaluate -1 - (-6 - (5 - (-3 + 8))).
5
Calculate 14 + -2 - (-35 + (21 - -6)).
20
Calculate 56 + -55 + -14 + -4.
-17
Calculate (28 - 24) + (-14 - 3) - -8.
-5
What is the value of -18 + -2 + (31 + -13 - 12) + 3?
-11
What is -20 + (-1 - -4) + 30 + -27?
-14
What is 5 + 2 + -2 + (13 - (25 - 9))?
2
What is (13 - 43) + 22 + -6 + -3?
-17
Evaluate -8 - (1 + -3 + -12 + (-12 - -25)).
-7
Calculate 11 - 23 - -20 - 11.
-3
Calculate 8 - ((2 - (3 - 1)) + (7 - 13)).
14
Calculate 3 + -4 - -18 - (6 - 0 - 6).
17
What is (-4 - 1) + 24 + -47 + -17 + 20?
-25
What is (-4 - -5) + 6 - (-7 + (21 - 9))?
2
Evaluate -8 + (1 - -3) - (-23 - -5 - -4).
10
(7 - 1) + 15 + (-71 + 3 - -21)
-26
What is the value of -5 + (-4 - (-4 + 8) - (12 - 4))?
-21
What is the value of (-20 - -5) + 10 - (4 - (-2 + 4))?
-7
What is (-13 - -4 - -4) + -3?
-8
What is (24 - 3) + -4 + 0 + 7 + -8?
16
What is the value of 4 - (1 + (-12 - -12))?
3
What is (-3 - (4 + 4) - (1 - 16)) + -10?
-6
What is -25 + (12 - -26) + 0?
13
Calculate -18 - (8 + -4 + -17 + 2).
-7
What is the value of (-2 - -3) + (20 - -5) + -9 + -1?
16
Calculate -45 + (7 - 7) + 25.
-20
What is the value of (-65 - (4 + -84)) + (3 - -1)?
19
Evaluate 11 - (15 - 0 - 4).
0
What is -8 + (-10 - -2) + 7 - -4 - -5?
0
Calculate 7 - (2 + -12 + 10 + -4).
11
Calculate 0 + 9 - (-9 + (5 - 11) + 16).
8
What is -379 + 362 + (0 - -12) + -18?
-23
Calculate 0 - (28 + -16 + -6).
-6
Calculate 1 - (4 + -1 - -16 - (-1 - -5)).
-14
What is the value of 6 + 4 - (-7 - -13)?
4
8 + (-25 + 8 - (-7 - 1))
-1
-10 + (-5 - 0) - (-14 - -9)
-10
What is the value of 31 - (16 + 13 + -23)?
25
What is 7 + 5 + -4 + -1 + -24?
-17
Calculate 83 - 83 - (-2 + 1 - -2) - 2.
-3
What is the value of (-12 - 2) + (12 - 3)?
-5
Evaluate 2 + -12 + 11 + 6.
7
Evaluate -14 - (-14 + -10) - (-2 + 0).
12
Calculate 6 + -13 + (9 - 0) - (11 - 1).
-8
What is the value of (9 - 0) + (-24 + 13 - -8 - 4)?
2
What is (-328 + 333 - (1 + -3 + 1)) + -4?
2
What is (-20 - (-4 - -2 - (-15 - -21))) + 8?
-4
What is the value of 1 + 0 + -2 + (135 - (140 - -35))?
-41
Calculate (0 - -11) + -15 - 13.
-17
Evaluate -27 - (-8 - (-6 - 0 - (0 - 5))).
-20
What is (-2 - -1) + 0 + -25 + -7 + 16?
-17
What is the value of -34 - -30 - (0 + -1 - 4)?
1
Calculate 12 + 8 + -13 + -1 + (12 - 2).
16
-9 - ((2 - 3 - 20) + 8)
4
What is the value of -43 - -2 - (695 - 718)?
-18
Calculate -12 + 3 + -21 + 40.
10
Calculate -16 + 17 + (-10 - (11 + -13)).
-7
(-2 - 3 - (24 + -36)) +